8) - (-12)/48. Suppose -11*n + c*n - 378 = 0. What are the prime factors of n?
2, 3, 7
What are the prime factors of 1651 - (0 + -1)*(-15 - -12)?
2, 103
Suppose -13 = 2*v - 19. Suppose -b + 183 = 3*p, 4*b = 6*b + v*p - 375. List the prime factors of b.
2, 3
Suppose l = 6*l + 2*g - 13, -2*l - 4*g = -2. Suppose -18 = l*a + 2*i - i, -9 = 3*i. Let m(h) = -h**3 - 5*h**2 - 7*h - 4. What are the prime factors of m(a)?
31
Let x(i) = 298*i - 53. What are the prime factors of x(7)?
19, 107
Let j = -1704 - -2124. What are the prime factors of j?
2, 3, 5, 7
Let o = -407 - -501. List the prime factors of o.
2, 47
Let o(i) = -i - 6. Let f be o(-6). Suppose 3*b + 6 - 30 = f. Let s(r) = -r + 26. List the prime factors of s(b).
2, 3
Suppose 0 = -3*s - 3 - 3, 216 = -5*l + 2*s. Let t = l + 58. List the prime factors of t.
2, 7
Let i(u) = u**2 - 6*u + 4. Let d be i(5). Let b(z) = 2*z**2. Let s be b(d). Suppose -14 = -2*h + s*k, 4*h - 3*k - 25 = 1. List the prime factors of h.
5
Let d(i) be the third derivative of -i**6/120 + i**5/15 + 5*i**4/12 - 5*i**3/6 + 6*i**2. List the prime factors of d(5).
2, 5
Suppose -3*l + 4*l - 368 = 0. List the prime factors of l.
2, 23
Let l = -346 + 518. Let z = l - 62. Suppose -6*i + 4*i + z = 0. What are the prime factors of i?
5, 11
Let g = 112 - 110. Suppose f = -s + 238, -f - 247 = -2*f + g*s. What are the prime factors of f?
241
Suppose 4*n + 15*l - 1559 = 14*l, 5*n + 2*l = 1945. List the prime factors of n.
17, 23
Let y(d) = -d**2 + d + 4. Let p be y(3). Let x be (-3)/2*p - 1. Suppose 0*n = x*n - 112. What are the prime factors of n?
2, 7
Suppose -8*x - 2*x + 8880 = 0. What are the prime factors of x?
2, 3, 37
Suppose 13*h = 14*h - 306. Suppose 0 = 2*f + 16*f - h. List the prime factors of f.
17
Let o(l) = 109*l + 944. What are the prime factors of o(32)?
2, 277
Let a = -168 + 529. What are the prime factors of a?
19
Let w(t) = -21*t + 5 + 41*t + 5*t + 29*t + 4*t**2. List the prime factors of w(-18).
7, 47
Let k be 10/50 - (-174)/5. Let h = k - -43. List the prime factors of h.
2, 3, 13
Let i(r) = 597*r**2 - 22*r - 23. List the prime factors of i(-1).
2, 149
Let d(m) = 402*m - 388. List the prime factors of d(6).
2, 11, 23
Let d = -57 + 70. Suppose d*y - 190 = 3*y. List the prime factors of y.
19
Let d = -1197 + 2490. List the prime factors of d.
3, 431
Let b be (3/(-6))/(1/(-22)). Let m be 2/b - 252/(-66). Suppose -5*f = -4*q - 166, -4*f + 174 = f + m*q. What are the prime factors of f?
2, 17
Let z = -25 + 1. Suppose -4*m - 4*q = 108, 0 = -0*q - 3*q - 15. Let p = m - z. What are the prime factors of p?
2
Suppose 0 = 3*p - 3*h + 24, 0 = -7*p + 2*p - 5*h. List the prime factors of 2 - (16/p - 52).
2, 29
Let s = 101 + -70. Suppose -4 = -u + 10. Let f = s - u. List the prime factors of f.
17
Suppose 0 = -4*b - 0*b - 2*o + 332, 0 = -b + 5*o + 83. Suppose -91 = 2*d + b. Let i = 145 + d. What are the prime factors of i?
2, 29
Let h = -6 - -9. Suppose 3*z = 12, -h*m + 2*m = 4*z - 52. What are the prime factors of m?
2, 3
Let a = -40 + 39. What are the prime factors of a/((-78)/(-80) + -1)?
2, 5
Suppose -9*n + 8828 = 1421. What are the prime factors of n?
823
Let d be 78/65*10/4. Suppose -1 = b - d. Suppose b*t - 5*t + j + 198 = 0, 0 = -4*t + 5*j + 253. List the prime factors of t.
67
Let m(z) = -z**2 - 8*z + 2. Let q be m(-8). Suppose 249 = 5*o - q*o. List the prime factors of o.
83
Suppose -p - 2*r + 795 = 0, 5*p + 19*r - 22*r - 3910 = 0. List the prime factors of p.
5, 157
Let z = -137 - -140. Let s(u) = 29*u**2 + 7*u - 18. List the prime factors of s(z).
2, 3, 11
Let z be (-35)/(-14)*(-4)/(-5). Suppose -z*r = -4*c + 3*c - 8, c = -4*r + 22. Suppose -r*b + 136 = -89. What are the prime factors of b?
3, 5
Let q be 0 + (-2 + 0 - -2). Let w(t) = -t**2 + 18*t + 43. Let u be w(20). Suppose q*i - u*i + 114 = 0. What are the prime factors of i?
2, 19
Suppose 0 = 4*g - 99 - 313. Let w be 2/(-2) + g + 8. Suppose 2*m - 4*m - 5*v = -67, 5*m + v - w = 0. List the prime factors of m.
3, 7
Let r(q) be the second derivative of -q**4/12 + 17*q**3/6 + 3*q**2 - 18*q. List the prime factors of r(14).
2, 3
Suppose -4*g - 5*p = -1173, 3*g + 3*p - 805 - 74 = 0. List the prime factors of g.
2, 73
Let k = 1590 + -1045. What are the prime factors of k?
5, 109
Suppose 16 = -2*x - 4*d, 0 = 3*x - 0*d + 2*d + 8. Suppose 0 = -x*b - 6*b + 264. What are the prime factors of b?
2, 11
List the prime factors of 2/(-15) - (-2479968)/2160.
2, 7, 41
Let a = -89 - -300. What are the prime factors of a?
211
Let y(i) = -i**2 + 6*i - 1. Let b be y(6). Let r(c) = -2*c - 2. Let f be r(b). Suppose w - j = 6*w - 307, -3*w - j + 183 = f. What are the prime factors of w?
2, 31
Let y(h) = 4*h**2 + 9*h + 6. Let r(g) = 3*g + 33. Let l be r(-13). What are the prime factors of y(l)?
2, 3
Let t(i) = i**2 + 16*i. Let n be t(-16). Suppose -d + h = -n*d - 64, -2*d = 2*h - 148. Suppose -207 = -2*j - d. What are the prime factors of j?
3, 23
Suppose f + 20 = -5*q, 4 = -2*q + 2. List the prime factors of 5/(f/46)*-3.
2, 23
Let k be (-8)/20 - 43/5. Let m = -1 - k. Suppose -5*v = -3*v - m. List the prime factors of v.
2
Suppose 14*s + 5*b - 3768 = 10*s, -4*s + 3732 = -4*b. What are the prime factors of s?
937
Let t(c) = -35*c - 55. Let v be t(-17). Suppose -3*m - 2*a + v = 0, 4*m - 2*a - 657 - 77 = 0. List the prime factors of m.
2, 7, 13
Let o(c) = 2*c + 6. Let k = -24 + 20. Let y be o(k). What are the prime factors of y - -2*(25 + -4)?
2, 5
Suppose 5*d - 5*i = 3290, -169 = -d + 3*i + 483. What are the prime factors of d?
661
Suppose 1 - 7 = -2*x, -2*h + 3 = x. Suppose 5*r - 3*v + 43 = h, 0 = r + 4*r - 2*v + 47. Let o(k) = -k**3 - 11*k**2 - 5*k - 21. List the prime factors of o(r).
2, 17
Let f be (78/(-4))/((-1)/(-6)). Let v = f - -241. What are the prime factors of v?
2, 31
Suppose 2*k + 2*t = -31 + 133, 0 = t - 5. Suppose -3*y = 2*y + 3*x - 329, 4*y = 2*x + 250. Suppose k*m - 44*m = y. What are the prime factors of m?
2
Suppose 39*t + 20702 = 50*t. What are the prime factors of t?
2, 941
Let z = -210 + 316. Suppose 0 = -2*o + z - 20. Let v = o + -21. What are the prime factors of v?
2, 11
Let s be (-2 - -2)/(-8 - -5). Suppose 4*n + s*j - 92 = -j, -2*n - j = -46. List the prime factors of n.
23
Let s = 1906 - 1418. List the prime factors of s.
2, 61
Let c = -64 - -78. Suppose 8*p - c*p + 600 = 0. What are the prime factors of p?
2, 5
Let c(d) = -d**2 + 9*d + 12. Let b be c(10). Let w(j) = 153*j + 2 - 152*j + 44*j**b - 2. List the prime factors of w(1).
3, 5
Let w(d) = d**2 - 5*d - 21. Let k be (-248)/20 + (-6)/10. Let f = k + 23. List the prime factors of w(f).
29
Let a = 184 + -149. List the prime factors of a.
5, 7
Let w(u) = 146*u**2. Let a be w(-1). Suppose 5*m - a = -0*r - 3*r, -r - 2*m + 48 = 0. What are the prime factors of r?
2, 13
Let x(u) = -35*u + 73. Let q be x(2). Let y(n) = 32*n - 1. Let z be y(3). Suppose -v - z = -q*p, v + 1 = -4. What are the prime factors of p?
2, 3, 5
Let o(k) = 9 + 6*k + 12*k**2 - 4 - k**3 + 14 - 5*k**2. Let n be o(8). List the prime factors of 10 - (n + -5 + 1).
11
Suppose -4*n + 14 = -4*w + w, 4*w = -3*n + 23. Suppose 2*c + 173 = 5*s, s + 12 - 37 = -w*c. What are the prime factors of s?
3, 11
Let k(n) = 4*n + 13*n + 20*n**2 + 8 - 19*n**2. What are the prime factors of k(-17)?
2
Let x(g) = g + 5. Let i be x(6). Suppose -3*p - i = 1. List the prime factors of -1*(p + 6)*-23.
2, 23
List the prime factors of 20/8 - 2 - 518/(-4).
2, 5, 13
Let h(t) be the first derivative of -t**4/4 - 5*t**3/3 + 4*t + 4. Let j be h(-5). Suppose b - 2*m = j*b - 128, 4*m = 5*b - 228. What are the prime factors of b?
2, 11
Let m(q) be the first derivative of -5*q**2 - 6*q - 3. Let n be m(4). Let z = n - -74. What are the prime factors of z?
2, 7
Let h(c) = c**3 - c**2 - c + 6. Let m be h(0). Let l(u) = -2*u + 13. Let f be l(m). Let a = f + 14. What are the prime factors of a?
3, 5
Suppose -39*r + 38778 = -13131. What are the prime factors of r?
11
Let h(a) = -a**2 + 45. Suppose 2*m + 2 = -2. Let w be 0/(((-16)/m)/4). What are the prime factors of h(w)?
3, 5
Let y(l) = 2*l - 18. Let d be y(6). What are the prime factors of (-27)/d*52/6?
3, 13
Let j(d) = -3*d**2 - 8*d - 6. Let z be j(-3). Let f = z + 51. What are the prime factors of f?
2, 3, 7
Let f be (-147)/14 - 1/2. Let 